se -10*r + o = r. What is the units digit of r?
4
Let a(b) = b**3 + 7*b**2 + 7*b + 3. Let l be a(-6). Let y(p) = -p - 1. Let f(u) = 16*u - 12. Let v(c) = -f(c) + 4*y(c). What is the units digit of v(l)?
8
Let c(k) = k**3 - 11*k. Let r be c(-4). Let t(o) = -5*o + 93. What is the units digit of t(r)?
3
Suppose -5*u - 273 = -8*u. Suppose -3*t + u = o - t, 0 = o - 5*t - 91. What is the tens digit of o?
9
What is the units digit of 28*127*(-4 - -5)?
6
Suppose -187794 + 1164949 + 345593 = 116*t. What is the thousands digit of t?
1
Let h(q) = 3*q + 60. Let s be 66/10 + ((-48)/(-20) - 3). What is the tens digit of h(s)?
7
Let j be (4 - 12/5) + 4/10. Let k be 4/j - (-37 - (2 - 0)). Let i = -23 + k. What is the units digit of i?
8
Suppose 16*p - 75725 - 50002 = -5*p. What is the tens digit of p?
8
Let s = 25013 + -11713. What is the hundreds digit of s?
3
Suppose -d - 5*m - 1 = -3*d, -2*d - 3*m + 41 = 0. Suppose -d*v + 2558 = -1732. What is the hundreds digit of v?
3
Let u(x) = 112*x**2 - 8*x - 7. Suppose 2*y + 5 = 2*n - 9, 4*n - 12 = -4*y. What is the units digit of u(y)?
7
What is the units digit of (-443688)/(-19) + (-4 - -9)?
7
Let m = 35 - 30. Suppose 0 = 3*z - 3*v - 3, 4*v - 23 = -m*z + 3*v. Suppose 4*n = z*t - 464, 449 = -0*t + 4*t + n. What is the tens digit of t?
1
Let p(l) = 3*l**2 - 6*l + 5. Let x be p(1). Suppose -f - 197 = -n, x*f + 12 = -f. What is the units digit of n?
3
Let r = -32 + 46. What is the tens digit of (-6)/r - (-9420)/28?
3
Suppose 4*t + 9 = t, 0 = -2*l - 4*t - 66. Let z = l + 368. What is the units digit of z?
1
Let h = 54768 + -32682. What is the thousands digit of h?
2
Suppose -8 = v + 5*j - 10*j, 0 = 4*v + 5*j + 32. What is the units digit of (-39)/52 + (-950)/v?
8
Suppose -21*o = -11*o + 7*o - 48127. What is the hundreds digit of o?
8
Suppose 0 = -y + 5*h + 15, -12 = -6*y + 4*y + 4*h. Suppose -17*s + 21*s - 1208 = y. What is the tens digit of s?
0
Let t = 2187 + -1327. What is the hundreds digit of t?
8
Suppose 11*i - 42 + 9 = 0. Let v be (-6712)/28 - (-4)/(-14). What is the tens digit of i/((-245)/v + -1)?
4
Suppose 3*i + 3*r - 57636 = 0, 76*i - 71*i - 96004 = 3*r. What is the units digit of i?
5
Let c(b) = -2*b**3 + 6*b**2 + 7*b. Let n be c(-2). Suppose 0 = -3*o + 3*w - 9, -n = 3*o + w + 3. What is the tens digit of 1*(-202)/o + 2/(-8)?
2
Suppose -14*y = 25*y - 128583. Suppose -c - 4*c - 2464 = -3*b, -y = -4*b - 5*c. What is the units digit of b?
3
Let i be (((-2)/3)/(-1))/((-10)/15855). What is the units digit of -6*3*i/42?
3
Let s(w) = w**2 + 2*w. Let c be 3*(-1 + (-16)/(-12)). Let d be s(c). Suppose -u + 39 + 18 = 2*j, -d*j + 2*u + 75 = 0. What is the tens digit of j?
2
Suppose 41440 = -1766*g + 1773*g. What is the units digit of g?
0
Suppose -103 = -5*u + 52. Let a be (6 - (-104)/(-16))/((-1)/(-14)). Let q = u + a. What is the tens digit of q?
2
Suppose -21251 = -13*f - 6132. What is the hundreds digit of f?
1
Let o = 39825 + -31229. What is the tens digit of o?
9
What is the thousands digit of (-16 + 10704/(-32))*(2 + -76)?
5
Suppose 5*t = -4*l + 22317, -5*t - 312*l + 310*l = -22311. What is the hundreds digit of t?
4
Suppose 3*a - 144435 = -6*y, -54*y = -59*y - 3*a + 120358. What is the hundreds digit of y?
0
Let q(h) = 41*h**2 + 6*h + 1. Let b be q(-4). Suppose u = -5*r + b, 0 = 4*u - 5*r - 2423 - 234. Suppose 0 = 9*y - 2*y - u. What is the tens digit of y?
9
Let r(s) = 78*s**2 + 14*s + 4. Let z be r(6). Let o = -1722 + z. What is the thousands digit of o?
1
Let p = 160 - 332. Let c be (p/6)/((-6)/(-81)). Let q = c - -673. What is the tens digit of q?
8
Let f = 55 + -51. Suppose -x + f*x - 465 = 0. Suppose x - 39 = 4*c. What is the units digit of c?
9
Let l be (20/(-20))/((-1)/2). Suppose 3*d + 2*d - 2*r - 28 = 0, -3*d - l*r = -4. What is the tens digit of d*1*(-830)/(-40)?
8
Let f be 6/7*(-15 + 8). Let j be (-1 + 1 - f - 3) + -3. Suppose -2*w + 176 + 122 = j. What is the hundreds digit of w?
1
Let o(h) = 494*h - 4283. What is the units digit of o(19)?
3
Let n(z) = 31 + 115 - 1546*z + 1554*z. What is the units digit of n(-7)?
0
Let y = -120 + 722. Let n = 1035 - y. What is the tens digit of n?
3
Let q(l) = -l**2 - 8*l + 17. Let n be q(-9). Suppose -n*r + r = -42. Suppose 7*v - 92 = r*v. What is the units digit of v?
2
What is the hundreds digit of 7/84 - (-1 + (-1572690)/72)?
8
Let k(r) = 3791*r - 657. What is the units digit of k(5)?
8
Suppose 14*d + 154*d + 830672 = 2775608. What is the hundreds digit of d?
5
Suppose 0 = 39*v - 11*v - 56. What is the tens digit of (v/2 + -3)*-41?
8
Let c(z) = -z**3 + 11*z**2 - 3*z + 4. Suppose 5*q = -2*j + 4*q + 31, -3*q + 48 = 3*j. Let y be (54/15)/(6/j). What is the units digit of c(y)?
9
What is the hundreds digit of -10 + 936/99 - (-4087)/11?
3
Suppose 17*f - 69022 - 53012 = 2644. What is the units digit of f?
4
Let k(z) = -133*z**3 - z**2 + 4*z + 5. Let b(s) = 15*s + 22. Let u be b(7). Let m = u + -128. What is the tens digit of k(m)?
3
Let n = 15 - 11. Let w(a) = -73*a + 72. Let v be w(1). What is the tens digit of v + 62 + n*(-4)/(-16)?
6
Let m(d) be the second derivative of d**5/4 + d**4/6 + 2*d**3/3 - 2*d**2 - 8*d. Let s be m(4). Suppose 3*x + x - s = 0. What is the tens digit of x?
9
Let u = 70 - 6. Suppose u + 15 = l + 5*h, -2*l = -2*h - 146. What is the units digit of l?
4
Let o(s) = -s**3 - 20*s**2 - 25*s + 6. Let m be o(-19). Let f = m - -85. Suppose f = 2*w + 3*w. What is the units digit of w?
1
Suppose -5*v = 7*v - 77088. What is the tens digit of v?
2
Suppose 28 = 2*z - 5*i + 75, -z - i = 20. What is the tens digit of (-3597)/z - 2/7?
7
Let j be -44*(7/(-2) - (-6)/3). Suppose -72*w = -j*w - 2700. What is the units digit of w?
0
Let j(b) = 3*b**2 + 3*b + 8. Let u = 12 + -17. What is the tens digit of j(u)?
6
Let m be 23851/207 + (-4)/18. Let r = m + -272. Let i = r - -269. What is the units digit of i?
2
What is the hundreds digit of (-1)/(36/8)*(-51)/17*29814?
8
Let w = 71776 + 38563. Suppose w = 53*u + 38948. What is the units digit of u?
7
Let c(i) = 2*i - 20. Let v be c(11). Let k be 4 + -6 - (-2 - (-1 - v)). What is the units digit of 5*(-11)/k*9/15?
1
Suppose 192 = 9*p + 21. Let y(s) = 10*s - 2. What is the tens digit of y(p)?
8
Let y(i) = -i**2 - 12*i - 1. Let p = 140 - 36. Let w be 18/(-81) + p/(-18). What is the units digit of y(w)?
5
Suppose j + 4*j = 365. Let z(u) = -2*u**2 - 75*u**3 + j*u**3 + 11 + 7*u - 4*u**2. What is the units digit of z(-5)?
6
What is the units digit of (707660/28 - 6) + 69/161?
8
Let h = -17908 - -29954. What is the thousands digit of h?
2
Let t(p) = -8*p + 14. Let s be t(10). Let u = -31 - s. What is the units digit of 12/15 + 707/u?
1
Let v be (-15)/6*224/(-10). Suppose -v*x + 54*x + 554 = 0. What is the tens digit of x?
7
Let i be ((-6)/(-15))/(15/150). Suppose 0 = -w + g + 775, -5*w + 0*g = -i*g - 3874. What is the tens digit of w?
7
Let y(j) be the third derivative of 1/6*j**4 + 7*j**2 - 1/3*j**3 + 0 + 1/4*j**5 + 0*j. What is the tens digit of y(-2)?
5
Suppose 22*v - 19*v = -294. Let t = v + 138. Let r = t - 21. What is the units digit of r?
9
Let t = 20481 - -29198. What is the thousands digit of t?
9
Suppose -7*w + 85 = -2*g - 10*w, 4*g + 150 = -2*w. Let c = -105 - g. What is the units digit of (-4)/(-14) - 5/(c/234)?
7
Let b(z) = 843*z + 1839. What is the thousands digit of b(12)?
1
Suppose 8 = -27*z + 26*z. What is the units digit of 4 + 9/(18/z) - -28?
8
Let z(h) = 319*h - 8989. What is the hundreds digit of z(112)?
7
Suppose 0 = -7*x - 316 + 330. Let z(q) = 239*q - 6. What is the tens digit of z(x)?
7
Suppose 0 = 5*w + 3*w - 16. Suppose 1 + 7 = 4*l. What is the hundreds digit of l/(-2*w/(-202))?
1
Let s = 1409 + -414. Let r = 1740 - s. What is the hundreds digit of r?
7
Let a be -3 + (12 - 6) - (5 - -1). Let b(o) be the second derivative of -o**5/20 + o**3/6 + o**2 - o. What is the units digit of b(a)?
6
Let h = -384 + 99. Let a = h + 480. Suppose 501 = 5*p + t, -2*t = -4*p + 217 + a. What is the tens digit of p?
0
Let k = -42 + 10. What is the tens digit of ((-8)/k)/(2 + 231/(-116))?
2
Let h(m) = -2063*m**2 + 2064*m**2 - 9 + 9*m - 13 + 0. Let v be 34/6 - (-2)/(-3). What is the tens digit of h(v)?
4
Suppose -7*r - 17*r + 72 = 0. Suppose -5*o + 23*q + 4497 = 27*q, 0 = o + r*q - 895. What is the hundreds digit of 